-5*u - 33707, -p + 9540 = -2*u - 1695. Is p a prime number?
True
Let c(v) = 44*v**2 + 23. Is c(25) prime?
False
Suppose -2*l + 3*p - 8*p + 10517 = 0, 2*l - 10525 = 3*p. Is l a prime number?
True
Suppose -g - 1 = -3. Suppose 0 = -59*c + 52*c + 147. Is 71/g - c/(-14) prime?
True
Suppose 0 = 2*c + 8, f - c - 3*c = 30. Is ((-2)/(-6) + f/(-21))*-4971 composite?
False
Let o(a) = -a**2 - 3*a + a**3 + 398 + 0*a**2 - 4*a**2 - 406. Is o(7) prime?
False
Suppose 2*f = -0*f + 7804. Let c = f - 2265. Is c a composite number?
False
Let x(k) = 947*k + 243*k + 318*k - 223*k + 13. Is x(6) prime?
True
Suppose -c - 3*c + 20 = 0, -3*p - 5*c = -46. Suppose -1601 = -8*m + p*m. Is m prime?
True
Let v(l) = 1841*l - 22. Is v(1) a prime number?
False
Suppose 2*k + 12*y = 15*y + 22886, -5*y = 5*k - 57215. Is k a composite number?
False
Suppose 0 = -4*q - 8*t + 5*t + 27767, t - 1 = 0. Is q prime?
False
Suppose -12*l = -7*l - 815. Is l composite?
False
Let f = 17 + -1. Suppose -2*u - 5*t = -f, 0 = 2*u - 5*t + 31 - 7. Is ((-181)/(-2))/((-1)/u) prime?
True
Let n(f) = 2*f**3 - 3*f**2 - 13. Let r be n(6). Is (r - (-3)/3*-2) + -2 a prime number?
True
Is -11 + 15035 + (-4 - -3) a prime number?
False
Suppose -1922 - 3513 = -n. Is n a prime number?
False
Let t be (-3 - -1)*(0 - 8/4). Suppose 5117 = 3*v - t*q, 5*v + 570 - 9104 = q. Is v a prime number?
False
Let w = -212 + 164. Suppose 0 = 3*g - 5*c - 419, 0 = 4*g + 5*c - 2*c - 520. Let k = g + w. Is k a composite number?
True
Suppose 0 = -3*t - 5*u - 12042 + 33583, 4*t - 28718 = -5*u. Is t prime?
True
Suppose -5*v + v + n = -12, -3*n = -3*v + 9. Let x = v + 0. Is 97 - (2 + -5 + x) a prime number?
True
Suppose x + 12 = 3*x. Suppose 2*q + x*u - u = 47, 0 = -2*q + 4*u + 56. Let f = q - 13. Is f prime?
True
Suppose -b = 3*y + 9, y - 4 = -2*b - 12. Suppose 0*u - 175 = 2*n + 5*u, 5*u - 350 = 5*n. Is y/15 + (-33385)/n a composite number?
True
Suppose 4*b - 34 = 3*b. Let g = -7 + b. Is ((-356)/6)/((-18)/g) a composite number?
False
Let s(k) = 2*k + 9. Let p be s(-5). Let h(a) = -3202*a + 1. Is h(p) prime?
True
Suppose -22*f + 31497 = -19*f. Is f a prime number?
True
Suppose 976 = j - 209. Suppose c + 4*c = j. Is c a composite number?
True
Let u be (-10)/(-4)*(-12)/(-5). Suppose -3*g - u = 0, 3*g = -3*t + 5*g + 1753. Is t a composite number?
True
Suppose 2*h - 15 + 5 = 0. Suppose 0*x - h*x = -10. Is 161/((3 - 4) + x) a composite number?
True
Let m be (-11 - -8) + 7/1. Suppose -113 = -5*f + 147. Suppose 2*b - m*b + f = 0. Is b a prime number?
False
Let z(g) = 3*g**3 - g**2 + 3*g - 1. Let h(u) be the first derivative of u**3/3 - 4*u**2 + 9*u + 5. Let k be h(7). Is z(k) composite?
True
Let l(d) = 15*d**2 - d + 20. Suppose 3*t - 13 = -5*s, 2*t + 3*s - 3 = t. Is l(t) prime?
False
Let g(w) = 2*w + 28. Let t be g(-14). Is (21/(-9))/(3/(-45) - t) a composite number?
True
Let b(k) = 10*k**2 + 6*k. Let v = 19 + -24. Let u be b(v). Let g = -123 + u. Is g composite?
False
Suppose -3*f = -9655 - 2312. Is f a composite number?
False
Let s be (0 + -548)*6/(-8). Let h = -399 - -149. Let n = s + h. Is n a prime number?
False
Suppose 3*y + 6 + 3 = 0, l - 3*y + 2052 = 0. Let o(d) = -2939*d - 1. Let i be o(-1). Let x = i + l. Is x prime?
True
Suppose 0 = -3*d + 12, -13*f - 3*d = -9*f - 111904. Is f a composite number?
True
Suppose 17 = 2*l + h, -l - 4*h + 0*h + 5 = 0. Let x be (l/12)/(2/(-64)). Is 9/x*-4*2 composite?
False
Let h be ((-1)/2)/(13/(-150618)). Suppose -6*o = -9*o + h. Is o a composite number?
False
Suppose -241922 = -8*a - 22746. Is a a prime number?
True
Let k = 846 - -2047. Is k composite?
True
Let k(o) be the second derivative of -107*o**3/6 + o**2 - 9*o. Let j = 4 - 7. Is k(j) composite?
True
Let g(b) = -2*b**3 + 8*b**2 + 8*b - 7. Let l(x) = -5*x**3 + 15*x**2 + 15*x - 15. Let d(u) = -7*g(u) + 3*l(u). Let c be d(-10). Is 5330/c + 6/21 a prime number?
False
Suppose -5*p - 3*b + 3495 = b, p - 2*b = 685. Let l = 1014 - p. Is l a composite number?
True
Suppose -4*h = -3*h - 6. Suppose -h*g + 7325 = -g. Is g a prime number?
False
Let s(k) = k**3 - 6*k**2 + 4*k - 2. Let i be s(5). Let q be 2 + i/((-14)/232). Suppose x + 523 = 4*h - q, 5*h - 802 = x. Is h a composite number?
True
Suppose 0 = -4*c + 2*v - 144, 0 = -2*v - 7 + 3. Let k = -33 - c. Let z(x) = -x**3 + 8*x**2 + 2*x - 7. Is z(k) prime?
False
Suppose 2*p = q - 10 - 1, -q - 5*p = 17. Suppose -5*n = -b - 11549, -6935 = -q*n + 3*b - b. Is n prime?
True
Suppose 3*p + 5*m = -p + 59, -m = 2*p - 37. Suppose -6*f + 3*f + 5*l + p = 0, 4*f = 4*l + 36. Suppose -3*u + 30 + f = 0. Is u a composite number?
True
Suppose 0 = 2*x - 4*r - 77282, 2*x - 7*x + 5*r = -193185. Is x a composite number?
True
Is (6/(-10) - 16/(-10))*839 composite?
False
Let x be (-4 - 6)*(1 - 229). Suppose -5*f - f = -x. Let d = 639 - f. Is d prime?
False
Let c(v) = 975*v**2 + 26*v - 22. Is c(7) composite?
True
Suppose 0 = 10*j - 5*j + 105. Let x(u) = -41*u - 46. Is x(j) composite?
True
Let q(t) = 6*t**2 + 3*t - 6. Suppose 8*n + 25 = 13*n. Is q(n) a composite number?
True
Suppose -p = s + 2291 - 740, p = 0. Let a = s - -3028. Is a prime?
False
Suppose 2*m = -9*m + 80113. Is m a prime number?
True
Let r = 5135 - 514. Is r a prime number?
True
Suppose -4*g = u, -10 = -u + 4*g - 2. Is ((-2)/u)/((-2)/124) a composite number?
False
Let x be 1492*-3*(-5)/(-30). Is (-84)/60*(x + 1) a prime number?
False
Let d = -42 + -2190. Let y = -970 - d. Is y a composite number?
True
Is 101163/((6/(-16))/(9/(-72))) a composite number?
False
Suppose -4165 = -5*z + 3*r, -3178 = -5*z - 2*r + 962. Suppose 0 = -72*j + 73*j - 5. Suppose -5*f - z = -j*a, a = -2*a + f + 492. Is a a prime number?
True
Suppose -4*x + 33 = 9. Suppose -x*n + 9*n = 11955. Is n a prime number?
False
Let j = 24285 - 7992. Is j a prime number?
False
Let v(y) = -y**3 - 13*y**2 - 11*y + 14. Let u be v(-12). Suppose -u*m - 6 = -3*m. Let w(z) = -z**3 + 8*z**2 + z + 8. Is w(m) prime?
False
Suppose 0 = -4*d - n + 36 - 11, 0 = 5*d + n - 30. Suppose d*y - 425 - 390 = 0. Is y a composite number?
False
Suppose -155*y + 154*y = -15. Is 493 - -6*(-5)/y composite?
False
Suppose -127095 - 394217 = -32*c. Is c prime?
False
Suppose -7*i = 6*i - 63011. Is i a composite number?
True
Let y(n) = -19*n + 2. Let o be y(-10). Suppose 0 = 3*s - p + 4*p - o, 0 = s - 4*p - 69. Is s composite?
True
Suppose 0 = -5*f - 45 + 165. Suppose -2*p + f = 4*m, 25 = 4*p + m - 23. Is 6/p + 338/4 a prime number?
False
Suppose 21 - 20 = -r, 3*c = 4*r + 61462. Is c a prime number?
False
Let c(b) = 38*b**2 + 0 + 8*b**2 + 3*b - 8 + 43*b**2. Is c(6) composite?
True
Is (-14986)/(-4) - (77/22)/(-7) a composite number?
True
Suppose -5497 + 171684 = 7*o. Is o composite?
False
Suppose 4*l - 2*o - 3964 = 0, -l - 4*o + 3976 = 3*l. Let q = -513 + l. Is q a prime number?
True
Suppose 5*x - 40 = -4*c, 3*x + 0*x - 4*c + 8 = 0. Suppose x*f = 5*f - 149. Is f prime?
True
Let o(q) be the first derivative of -q**3/3 + 3*q**2 - 6*q - 2. Let i be o(4). Suppose m + 479 = i*m. Is m prime?
True
Let o be (-17284)/(-18) + (-6)/27. Suppose -v - s + 2*s + 479 = 0, 2*v - s = o. Is v a composite number?
True
Let y(o) = -78 + 7*o - 4*o - 80*o**3 + 3*o**2 - 19*o**3 + 77. Is y(-2) prime?
True
Let k = -2 - -7. Suppose r + 1 = 5, 2*h = k*r - 12. Suppose -h*y + 2*y = -298. Is y prime?
True
Let q = 985 + 7074. Is q composite?
False
Let g = 24 + -24. Suppose 0 = -4*d - 3*z + 2219, g*d + 2782 = 5*d + z. Suppose d - 3042 = -5*c. Is c a composite number?
True
Let o be 33/22*64/(-6). Let i = -17 - o. Is i/(-3)*(0 + 549) composite?
True
Let k = 1682 - -2511. Is k a composite number?
True
Suppose -4*f = 5*u - 31418, 4*f + 6298 = 3*u - 2*u. Suppose 4*s - u = -1598. Suppose 4*m - 8*m = -s. Is m a composite number?
False
Suppose 2*w = 4 + 4. Suppose -5*i + 6 = w*x + 3, 4*i - 5*x + 14 = 0. Is 53 + -3 + i + 2 a prime number?
False
Let y(t) = -3 + 214*t**2 + 1 + 0*t + 0*t. Let q be y(-2). Suppose 839 = 4*r + c, -4*r + 8*r - 2*c = q. Is r a composite number?
False
Suppose 1 = -3*n - 2*y - 0, -3*n + 3*y + 24 = 0. Is 1/((-5)/(-25545)*n) prime?
False
Let s(n) = -2*n**2 - 6*n - 1. Let k be s(-4). Let d be -2*(-3 + (-1065)/10). Is (d - 2)*(-9)/k a prime number?
False
Let v = 20613 + 3856. Is v a prime number?
True
Suppose -7*f + 9*f = 2218. Is f a composite number?
False
Let x 